{"id":5242,"date":"2026-04-28T07:55:32","date_gmt":"2026-04-28T07:55:32","guid":{"rendered":"http:\/\/localhost\/etplautomation\/?post_type=product&#038;p=5242"},"modified":"2026-04-28T08:23:45","modified_gmt":"2026-04-28T08:23:45","slug":"cair2030a","status":"publish","type":"product","link":"https:\/\/etplautomation.com\/products\/product\/cair2030a\/","title":{"rendered":"CAIR2030A"},"content":{"rendered":"<p>Focus length:\t20mm<br \/>\nSensor\tFull: Frame<br \/>\nMagnification:\t10x<br \/>\nWD:\t25mm<br \/>\nNumerical Aperture:\t0.3<br \/>\nObject Resolution:\t0.92um<br \/>\nDOF:\t3.06um<br \/>\nWavelength:\t420-1100nm<br \/>\nObjective Mount:\tM26\u00d7P0.706<br \/>\n1.4 inch FOV(H\u00d7V):\t3.6\u00d72.4\uff08Full Frame\uff09<br \/>\n1.1 inch FOV(H\u00d7V):\t3.6\u00d72.4\uff08Full Frame\uff09<br \/>\n2\/3 inch FOV(H\u00d7V):\t3.6\u00d72.4\uff08Full Frame\uff09<br \/>\n1\/2 inch FOV(H\u00d7V):\t3.6\u00d72.4\uff08Full Frame\uff09<br \/>\nSize:\t\u03c638\u00d770<\/p>\n","protected":false},"excerpt":{"rendered":"<p>Focus length: 20mm Sensor Full: Frame Magnification: 10x WD: 25mm Numerical Aperture: 0.3 Object Resolution: 0.92um DOF: 3.06um Wavelength: 420-1100nm Objective Mount: M26\u00d7P0.706 1.4 inch FOV(H\u00d7V): 3.6\u00d72.4\uff08Full Frame\uff09 1.1 inch FOV(H\u00d7V): 3.6\u00d72.4\uff08Full Frame\uff09 2\/3 inch FOV(H\u00d7V): 3.6\u00d72.4\uff08Full Frame\uff09 1\/2 inch FOV(H\u00d7V): 3.6\u00d72.4\uff08Full Frame\uff09 Size: \u03c638\u00d770<\/p>\n","protected":false},"featured_media":0,"comment_status":"open","ping_status":"closed","template":"","meta":[],"product_brand":[],"product_cat":[258,2571],"product_tag":[],"class_list":{"0":"post-5242","1":"product","2":"type-product","3":"status-publish","5":"product_cat-microscope-lens","6":"product_cat-objective-lens","8":"first","9":"instock","10":"taxable","11":"shipping-taxable","12":"purchasable","13":"product-type-simple"},"acf":[],"_links":{"self":[{"href":"https:\/\/etplautomation.com\/products\/wp-json\/wp\/v2\/product\/5242","targetHints":{"allow":["GET"]}}],"collection":[{"href":"https:\/\/etplautomation.com\/products\/wp-json\/wp\/v2\/product"}],"about":[{"href":"https:\/\/etplautomation.com\/products\/wp-json\/wp\/v2\/types\/product"}],"replies":[{"embeddable":true,"href":"https:\/\/etplautomation.com\/products\/wp-json\/wp\/v2\/comments?post=5242"}],"wp:attachment":[{"href":"https:\/\/etplautomation.com\/products\/wp-json\/wp\/v2\/media?parent=5242"}],"wp:term":[{"taxonomy":"product_brand","embeddable":true,"href":"https:\/\/etplautomation.com\/products\/wp-json\/wp\/v2\/product_brand?post=5242"},{"taxonomy":"product_cat","embeddable":true,"href":"https:\/\/etplautomation.com\/products\/wp-json\/wp\/v2\/product_cat?post=5242"},{"taxonomy":"product_tag","embeddable":true,"href":"https:\/\/etplautomation.com\/products\/wp-json\/wp\/v2\/product_tag?post=5242"}],"curies":[{"name":"wp","href":"https:\/\/api.w.org\/{rel}","templated":true}]}}